1 = -w*c. What is the greatest common factor of 18 and c?
2
Let t be (-2)/(((-35)/(-10))/7). Let k be -4 + (t - -6) - -24. Calculate the greatest common divisor of k and 66.
22
Suppose m + p = 3*p + 304, 4*m - 1194 = -3*p. Calculate the highest common divisor of m and 40.
20
Let w(t) = -17*t - 32. Let a be w(5). Let d be a/6*(0 + -2). What is the greatest common factor of 26 and d?
13
Let q be (1/(-2))/(11/22). Let x be (q/(-3))/((-2)/42). Let u = x - -20. Calculate the highest common factor of u and 26.
13
Let r(u) = 10 + 9*u - 16*u + 5*u. Let w be r(3). What is the greatest common divisor of 36 and w?
4
Suppose 3*b + 10 = 2*u + b, 0 = -3*u - b + 35. What is the greatest common factor of 130 and u?
10
Let w = -4 - -10. Suppose -6*i + 3*i = -126. Calculate the highest common factor of w and i.
6
Let s(x) = 29*x + 208. Let z be s(-5). What is the highest common divisor of z and 336?
21
Suppose l + 46 = 3*l + 2*u, -4*l = 3*u - 91. Suppose -2*o + 2*s + 66 = 0, -4*s + 165 = o + 4*o. What is the highest common factor of o and l?
11
Let k be 3 + (-3 - 0) + 0. Suppose -3*v + 0*v = k. Suppose -r = -v*r - 18. What is the highest common factor of r and 9?
9
Suppose -70 = -2*r + i, 0*r - 3*r - i = -110. What is the greatest common factor of 972 and r?
36
Suppose -9*s - 12 = -3. Let f be s + (3 - 3 - -3). Let u(l) = l**3 + 6*l**2 + 3. Let c be u(-6). What is the greatest common divisor of f and c?
1
Let o = 226 + -148. What is the highest common divisor of 6 and o?
6
Let i = 28 + -14. Suppose 2*f = 2*k - 6, -21 = -f + 4*f + k. Let c be (f/((-30)/(-35)))/(-1). What is the greatest common factor of c and i?
7
Let g be (-24)/20*(2 + -22). Let a be 6330/105 + 4/(-14). What is the highest common factor of g and a?
12
Let z = -52 - -286. What is the greatest common factor of 195 and z?
39
Let z(g) = 167*g**3 + g**2 - g + 1. Let h be z(1). Suppose -2*w - 6 = -10. Let b be (w - 6/4)*1*42. What is the greatest common divisor of b and h?
21
Let t = 206 - 182. Suppose 3*q - 18 = -0*q. What is the highest common factor of q and t?
6
Suppose 0 = -3*q + 2*p + 10, -2*p = 2*q - 0*p - 10. Suppose -q*a + 21 = -59. Calculate the greatest common divisor of a and 2.
2
Suppose 0 = -10*w + 49 - 9. Let t be (-8)/(-16) + 18/w. Calculate the highest common factor of 20 and t.
5
Let f = -14 - -25. Let d = 23 - f. Let r be (-2)/3 - 770/(-21). What is the highest common factor of d and r?
12
Let j(m) = -m - 2. Let a be 14 + -9 + -1 + -2. Suppose -2*y = 10, -2*w - 2*y = -6*w - a. Let f be j(w). What is the highest common divisor of 5 and f?
1
Let b = -56 + 60. Suppose -4*y + 448 = -b*x - 0*x, y - 3*x - 106 = 0. What is the highest common divisor of 46 and y?
23
Let d(y) = 2*y**2 + 9*y - 31. Suppose 4*p + 3*n + 21 = 0, -2*n = -2*p - 0*n - 28. Let b be d(p). What is the greatest common factor of b and 400?
50
Let g = 898 + -793. What is the greatest common divisor of 225 and g?
15
Suppose -k - 48 = -4*k. Let z = 30 - k. Calculate the greatest common factor of 98 and z.
14
Suppose 0 = 4*i + i - 275. Suppose 7*p + 4 = 3*p + 4*r, -12 = 4*p + 4*r. Let n be (6 + (-2 - -1))/(p/(-2)). What is the greatest common factor of n and i?
5
Suppose 4*x - 6 = 5*h, 2 = -x + 6. Suppose -7*w + h*w + 60 = 0. Let t = 563 + -539. What is the highest common factor of w and t?
12
Let t(j) = 4*j - 13. Let w be t(8). What is the greatest common divisor of w and 247?
19
Let s be 172852/553 + 3/(21/(-4)). Calculate the greatest common factor of s and 728.
104
Let d be (6*(-4)/(-16))/((-6)/(-208)). Calculate the greatest common factor of 78 and d.
26
Suppose -3*r - r + 5*i = -12, -48 = -4*r - 4*i. Suppose -r = 5*x - x. Let l be ((-66)/9)/(x/18). What is the greatest common factor of l and 11?
11
Let h(x) = -x**2 - 2*x + 1. Let v be h(2). Let u be (-12)/v*(-112)/(-4). What is the greatest common divisor of u and 6?
6
Let a(p) = p**2 - 37*p - 172. Let k be a(49). What is the greatest common divisor of k and 24?
8
Suppose 0 = n + 2*n - 90. Suppose 3*r + 0*j + j = -5, 4*r + 4*j = -20. Suppose r = 3*z - 55 - 215. Calculate the greatest common factor of n and z.
30
Suppose 7*p - 11*p = -88. Suppose -l - 66 = -3*g, -l = -g + 4*l + p. Calculate the greatest common factor of g and 55.
11
Suppose -m - 5 = 0, 4*s + 4*m + 107 = 463. Calculate the greatest common factor of s and 4.
2
Let j = -3 - 2. Let i(z) = -z**3 - 3*z**2 + 5*z + 1. Let w be i(j). Let n = -5409 + 5474. What is the highest common divisor of w and n?
13
Suppose 11*t + 1429 = 16*t + i, -4*t + 4*i + 1148 = 0. Calculate the greatest common factor of t and 44.
22
Let y = 20 - -8. What is the highest common divisor of y and 1862?
14
Suppose 3*j + 2*s - 3*s - 118 = 0, -3*j + 130 = 5*s. Let o = j - 16. Let n be (-6)/(4 + -7 + 1). Calculate the greatest common factor of o and n.
3
Suppose 18*c + 1017 = 3267. Calculate the highest common divisor of 950 and c.
25
Let h = -342 + 546. What is the highest common factor of 272 and h?
68
Let n(g) = g**3 + 7*g**2 - 6*g - 10. Let d be n(-7). Let z(v) = 26*v - 54. Let m be z(7). What is the greatest common divisor of d and m?
32
Suppose 2*z = -2*d - 2*z, 3*d = 4*z + 50. Suppose 62 = -j - d. Let y = -36 - j. What is the greatest common factor of y and 12?
12
Suppose 0 = a - 6*a - 145. Let w = 42 + a. Suppose -8*s - 4*c + w = -3*s, 5*c - 10 = 0. What is the highest common divisor of 2 and s?
1
Let g be (20/12)/(4/12). Suppose -3*x = g*l - 30, 3*x - 4*l = -2*l + 51. Suppose 0 = 11*y - x*y + 520. What is the highest common factor of y and 26?
26
Suppose j - 91 = -3*w - j, -2*w + 4*j + 82 = 0. Calculate the highest common factor of w and 33.
33
Suppose -4*s = -146 - 94. Calculate the highest common divisor of 250 and s.
10
Suppose c - 3*o = -10, o - 14 = -9*c + 4*c. Suppose 6*d - 2*d - 2*f - 32 = 0, 0 = c*f - 8. Suppose -m = 29 - 99. What is the highest common divisor of d and m?
10
Suppose -2*w - 3*w - 3*p + 191 = 0, 4*w - 4*p - 172 = 0. Suppose -3*x + 157 = 37. What is the highest common divisor of w and x?
40
Suppose -3*x = 2*x. Suppose 4*u - 5*y = 149, x*u - 5*y = 2*u - 67. Suppose -u = -4*r + 2*z + 36, 32 = r - 4*z. What is the greatest common divisor of 176 and r?
16
Let s be 49/4 - 2/8. Let b be (-8)/(-56) - ((-10556)/(-49))/(-4). What is the greatest common factor of b and s?
6
Let t(c) = -c**2 - 8*c + 2. Let d be t(-7). Let s = 96 - -3. What is the greatest common factor of s and d?
9
Let r(d) = -d**3 - 5*d**2 - 10*d - 14. Let g be r(-9). What is the highest common factor of g and 50?
50
Suppose 2*h = -i + 16, 5*h = 3*i + h - 28. Suppose -z - 5*x - 43 + 86 = 0, 5*z = -5*x + 115. What is the highest common divisor of z and i?
6
Let u(p) = 15*p**2 - 21*p + 36. Let n be u(2). Calculate the highest common factor of 78 and n.
6
Suppose -3*n - 17 = -2*h, 51 = -4*n + 3*h - 6*h. Let l = n + 11. Suppose -96 = -q - 3*c, -l*c + 198 = 3*q - 62. What is the highest common factor of 12 and q?
12
Let f be (2 - 4 - (-168)/(-4))*-1. What is the highest common factor of 396 and f?
44
Let h be (1/(-3))/(7/(-126)). Let r be ((-4)/h)/((-2)/48). Let q = 9 - 7. Calculate the highest common divisor of q and r.
2
Let p be 1 + 93 - 7/(56/(-40)). Suppose 0 = 4*n - 5*w + 74, -2 + 0 = -w. Let z = 27 + n. Calculate the greatest common divisor of z and p.
11
Let v be (6 - 4) + (-10 + -3)*-1. Suppose v = 3*t - 3*z, 4*z + 7 = t - 1. Calculate the greatest common factor of t and 20.
4
Suppose 0 = t + 6 + 12. Let n = -2 - t. Let f(j) = -871*j + 6121. Let o be f(7). Calculate the greatest common divisor of n and o.
8
Let h = -2498 + 2520. Let s be 243 + 1 - (1 + 1). Suppose 0*u = -u + s. Calculate the highest common divisor of h and u.
22
Let a = -2 - -9. Let k be (126/4)/(-2*(-8)/32). Calculate the greatest common divisor of a and k.
7
Let l be (-15)/55 + 5382/253. What is the highest common divisor of l and 87?
3
Let o = 12 + 44. What is the greatest common factor of o and 32?
8
Suppose 37*t + 12 = 39*t. What is the greatest common factor of 150 and t?
6
Let t be 2 + (2/4)/(-1)*10. Let o(n) = n**2 + n + 1. Let i be o(t). Calculate the highest common divisor of 21 and i.
7
Suppose -2*a + 15 = 3*a - 3*t, a - 4*t = 3. Let h be (0 - 4)/((-53)/318). Calculate the highest common factor of h and a.
3
Let b(a) = -8*a + 13. Let q be b(-1). What is the highest c